{"id":5768,"date":"2024-08-31T15:54:00","date_gmt":"2024-08-31T19:54:00","guid":{"rendered":"https:\/\/www.cellierdescigales.com\/?page_id=5768"},"modified":"2026-08-31T15:57:21","modified_gmt":"2026-08-31T19:57:21","slug":"degustation-restaurant-lacademie-ajou-02-octobre-2026","status":"publish","type":"page","link":"https:\/\/www.cellierdescigales.com\/?page_id=5768","title":{"rendered":"D\u00e9gustation Restaurant L\u2019Acad\u00e9mie Ajou \u2013 02 octobre 2026"},"content":{"rendered":"<p style=\"text-align: center;\"><span style=\"font-size: 34pt; line-height: 100%; font-family: 'Script MT Bold'; letter-spacing: 9pt;\"><span style=\"color: #808000;\"><span style=\"font-size: 26pt; line-height: 100%; font-family: &amp;amp;\">La Frairie<\/span><\/span><\/span><\/p>\n<p style=\"text-align: center;\"><span style=\"font-size: 14pt; font-family: 'Britannic Bold',sans-serif; letter-spacing: 3pt;\"><span style=\"color: #808000;\"><span style=\"font-size: 14pt; font-family: 'Britannic Bold',sans-serif; letter-spacing: 3pt;\"><span style=\"color: #808000;\">Venez r\u00e9seauter ou simplement d\u00e9guster<\/span><\/span><\/span><\/span><\/p>\n<p style=\"text-align: center;\"><span style=\"font-size: 14pt; font-family: 'Britannic Bold',sans-serif; letter-spacing: 3pt;\"><span style=\"color: #808000;\"><span style=\"font-size: 14pt; font-family: 'Britannic Bold',sans-serif; letter-spacing: 3pt;\"><span style=\"color: #808000;\">Des vins exclusifs en importation priv\u00e9e<\/span><\/span><\/span><\/span><\/p>\n<p style=\"text-align: center;\"><span style=\"font-size: 14pt; font-family: 'Britannic Bold',sans-serif; letter-spacing: 3pt;\"><span style=\"color: #808000;\"><span style=\"font-size: 14pt; font-family: 'Britannic Bold',sans-serif; letter-spacing: 3pt;\"><span style=\"color: #808000;\">\u00c0 L&rsquo;Acad\u00e9mie\u00a0d&rsquo;Anjou<\/span><\/span><\/span><\/span><\/p>\n<div style=\"text-align: center;\"><span style=\"font-size: 10pt; color: #808000; font-family: 'Britannic Bold',sans-serif; text-shadow: auto;\">7275, boul. des Galeries d&rsquo;Anjou, Montr\u00e9al<\/span><\/div>\n<div style=\"text-align: center;\">\n<p><span style=\"color: #800000; font-family: 'Britannic Bold', sans-serif; font-size: 14pt; letter-spacing: 3pt;\">Vendredi 02 octobre 2026<br \/>\n<\/span><\/p>\n<\/div>\n<div style=\"text-align: center;\"><span style=\"color: #808000;\">*\u00a0 *\u00a0 *\u00a0 *\u00a0 *\u00a0 *\u00a0 *<\/span><\/div>\n<p style=\"text-align: center;\"><span style=\"font-size: 14pt; font-family: 'Britannic Bold',sans-serif; letter-spacing: 3pt;\"><span style=\"color: #808000;\">\u00e0 11h45<\/span><\/span><\/p>\n<p style=\"text-align: center;\"><span style=\"font-size: 12pt; font-family: 'Britannic Bold',sans-serif; text-shadow: auto;\"><span style=\"color: #800000;\">Participation : 25.00 $\/personne nouveau prix<\/span><\/span><\/p>\n<p style=\"text-align: center;\"><span style=\"font-size: 12pt; font-family: 'Britannic Bold',sans-serif; text-shadow: auto;\"><span style=\"color: #800000;\">entre 4 et 6 vins pr\u00e9sent\u00e9s<\/span><\/span><\/p>\n<p style=\"text-align: center;\"><span style=\"font-size: 12pt; font-family: 'Britannic Bold',sans-serif; text-shadow: auto;\"><span style=\"color: #808000;\">Repas non inclus<\/span><\/span><\/p>\n<p style=\"text-align: center;\"><span style=\"font-size: 12pt; font-family: 'Britannic Bold',sans-serif; text-shadow: auto;\"><span style=\"color: #808000;\">Confirmez votre pr\u00e9sence au 514-352-2888<\/span><\/span><\/p>\n<p style=\"text-align: center;\"><span style=\"font-size: 10pt; font-family: 'Britannic Bold',sans-serif; text-shadow: auto;\"><span style=\"color: #808000;\">**\u00a0La participation aux frais\u00a0est payable au Cellier des Cigales \u00e0 votre arriv\u00e9e.<\/span><\/span><\/p>\n<p style=\"font-family: 'Britannic Bold', sans-serif; font-size: 12pt; text-align: center;\"><span style=\"color: #808000;\">Venez festoyer avec nous !!<\/span><\/p>\n<p style=\"font-family: 'Britannic Bold', sans-serif; font-size: 12pt; text-align: center;\"><span style=\"color: #808000;\"><a href=\"http:\/\/www.cellierdescigales.com\/wp-content\/uploads\/gickr.com_f9f919c5-55a9-eec4-45b8-01c1bdd697cc.gif\"><img loading=\"lazy\" decoding=\"async\" class=\"aligncenter size-full wp-image-2669\" title=\"[gickr.com]_f9f919c5-55a9-eec4-45b8-01c1bdd697cc\" src=\"http:\/\/www.cellierdescigales.com\/wp-content\/uploads\/gickr.com_f9f919c5-55a9-eec4-45b8-01c1bdd697cc.gif\" alt=\"\" width=\"300\" height=\"143\" \/><\/a> <\/span><\/p>\n<div style=\"text-align: center;\"><\/div>\n<div style=\"text-align: center;\"><\/div>\n<div style=\"text-align: center;\"><span style=\"color: #808000;\"><a href=\"https:\/\/www.facebook.com\/pages\/Cellier-des-Cigales\/250781107806\" target=\"_blank\" rel=\"noopener noreferrer\"><img loading=\"lazy\" decoding=\"async\" class=\"aligncenter\" src=\"http:\/\/www.turkuler.com\/scripts\/facebook.png\" alt=\"\" width=\"56\" height=\"61\" \/><\/a> <\/span><\/div>\n","protected":false},"excerpt":{"rendered":"<p>La Frairie Venez r\u00e9seauter ou simplement d\u00e9guster Des vins exclusifs en importation priv\u00e9e \u00c0 L&rsquo;Acad\u00e9mie\u00a0d&rsquo;Anjou 7275, boul. des Galeries d&rsquo;Anjou, Montr\u00e9al Vendredi 02 octobre 2026 *\u00a0 *\u00a0 *\u00a0 *\u00a0 *\u00a0 *\u00a0 * \u00e0 11h45 Participation : 25.00 $\/personne nouveau prix<\/p>\n","protected":false},"author":6,"featured_media":0,"parent":1222,"menu_order":0,"comment_status":"closed","ping_status":"closed","template":"","meta":{"footnotes":""},"class_list":["post-5768","page","type-page","status-publish","hentry"],"_links":{"self":[{"href":"https:\/\/www.cellierdescigales.com\/index.php?rest_route=\/wp\/v2\/pages\/5768","targetHints":{"allow":["GET"]}}],"collection":[{"href":"https:\/\/www.cellierdescigales.com\/index.php?rest_route=\/wp\/v2\/pages"}],"about":[{"href":"https:\/\/www.cellierdescigales.com\/index.php?rest_route=\/wp\/v2\/types\/page"}],"author":[{"embeddable":true,"href":"https:\/\/www.cellierdescigales.com\/index.php?rest_route=\/wp\/v2\/users\/6"}],"replies":[{"embeddable":true,"href":"https:\/\/www.cellierdescigales.com\/index.php?rest_route=%2Fwp%2Fv2%2Fcomments&post=5768"}],"version-history":[{"count":1,"href":"https:\/\/www.cellierdescigales.com\/index.php?rest_route=\/wp\/v2\/pages\/5768\/revisions"}],"predecessor-version":[{"id":5769,"href":"https:\/\/www.cellierdescigales.com\/index.php?rest_route=\/wp\/v2\/pages\/5768\/revisions\/5769"}],"up":[{"embeddable":true,"href":"https:\/\/www.cellierdescigales.com\/index.php?rest_route=\/wp\/v2\/pages\/1222"}],"wp:attachment":[{"href":"https:\/\/www.cellierdescigales.com\/index.php?rest_route=%2Fwp%2Fv2%2Fmedia&parent=5768"}],"curies":[{"name":"wp","href":"https:\/\/api.w.org\/{rel}","templated":true}]}}

Dégustation Restaurant L’Académie Ajou – 02 octobre 2026

<p style="text-align: center;"><span style="font-size: 34pt; line-height: 100%; font-family: 'Script MT Bold'; letter-spacing: 9pt;"><span style="color: #808000;"><span style="font-size: 26pt; line-height: 100%; font-family: &amp;amp;">La Frairie</span></span></span></p>
<p style="text-align: center;"><span style="font-size: 14pt; font-family: 'Britannic Bold',sans-serif; letter-spacing: 3pt;"><span style="color: #808000;"><span style="font-size: 14pt; font-family: 'Britannic Bold',sans-serif; letter-spacing: 3pt;"><span style="color: #808000;">Venez réseauter ou simplement déguster</span></span></span></span></p>
<p style="text-align: center;"><span style="font-size: 14pt; font-family: 'Britannic Bold',sans-serif; letter-spacing: 3pt;"><span style="color: #808000;"><span style="font-size: 14pt; font-family: 'Britannic Bold',sans-serif; letter-spacing: 3pt;"><span style="color: #808000;">Des vins exclusifs en importation privée</span></span></span></span></p>
<p style="text-align: center;"><span style="font-size: 14pt; font-family: 'Britannic Bold',sans-serif; letter-spacing: 3pt;"><span style="color: #808000;"><span style="font-size: 14pt; font-family: 'Britannic Bold',sans-serif; letter-spacing: 3pt;"><span style="color: #808000;">À L&rsquo;Académie d&rsquo;Anjou</span></span></span></span></p>
<div style="text-align: center;"><span style="font-size: 10pt; color: #808000; font-family: 'Britannic Bold',sans-serif; text-shadow: auto;">7275, boul. des Galeries d&rsquo;Anjou, Montréal</span></div>
<div style="text-align: center;">
<p><span style="color: #800000; font-family: 'Britannic Bold', sans-serif; font-size: 14pt; letter-spacing: 3pt;">Vendredi 02 octobre 2026<br />
</span></p>
</div>
<div style="text-align: center;"><span style="color: #808000;">*  *  *  *  *  *  *</span></div>
<p style="text-align: center;"><span style="font-size: 14pt; font-family: 'Britannic Bold',sans-serif; letter-spacing: 3pt;"><span style="color: #808000;">à 11h45</span></span></p>
<p style="text-align: center;"><span style="font-size: 12pt; font-family: 'Britannic Bold',sans-serif; text-shadow: auto;"><span style="color: #800000;">Participation : 25.00 $/personne nouveau prix</span></span></p>
<p style="text-align: center;"><span style="font-size: 12pt; font-family: 'Britannic Bold',sans-serif; text-shadow: auto;"><span style="color: #800000;">entre 4 et 6 vins présentés</span></span></p>
<p style="text-align: center;"><span style="font-size: 12pt; font-family: 'Britannic Bold',sans-serif; text-shadow: auto;"><span style="color: #808000;">Repas non inclus</span></span></p>
<p style="text-align: center;"><span style="font-size: 12pt; font-family: 'Britannic Bold',sans-serif; text-shadow: auto;"><span style="color: #808000;">Confirmez votre présence au 514-352-2888</span></span></p>
<p style="text-align: center;"><span style="font-size: 10pt; font-family: 'Britannic Bold',sans-serif; text-shadow: auto;"><span style="color: #808000;">** La participation aux frais est payable au Cellier des Cigales à votre arrivée.</span></span></p>
<p style="font-family: 'Britannic Bold', sans-serif; font-size: 12pt; text-align: center;"><span style="color: #808000;">Venez festoyer avec nous !!</span></p>
<p style="font-family: 'Britannic Bold', sans-serif; font-size: 12pt; text-align: center;"><span style="color: #808000;"><a href="http://www.cellierdescigales.com/wp-content/uploads/gickr.com_f9f919c5-55a9-eec4-45b8-01c1bdd697cc.gif"><img loading="lazy" decoding="async" class="aligncenter size-full wp-image-2669" title="[gickr.com]_f9f919c5-55a9-eec4-45b8-01c1bdd697cc" src="http://www.cellierdescigales.com/wp-content/uploads/gickr.com_f9f919c5-55a9-eec4-45b8-01c1bdd697cc.gif" alt="" width="300" height="143" /></a> </span></p>
<div style="text-align: center;"></div>
<div style="text-align: center;"></div>
<div style="text-align: center;"><span style="color: #808000;"><a href="https://www.facebook.com/pages/Cellier-des-Cigales/250781107806" target="_blank" rel="noopener noreferrer"><img loading="lazy" decoding="async" class="aligncenter" src="http://www.turkuler.com/scripts/facebook.png" alt="" width="56" height="61" /></a> </span></div>

<p>La Frairie Venez réseauter ou simplement déguster Des vins exclusifs en importation privée À L&rsquo;Académie d&rsquo;Anjou 7275, boul. des Galeries d&rsquo;Anjou, Montréal Vendredi 02 octobre 2026 *  *  *  *  *  *  * à 11h45 Participation : 25.00 $/personne nouveau prix</p>
